{"id":426,"date":"2024-01-18T22:04:10","date_gmt":"2024-01-18T22:04:10","guid":{"rendered":"https:\/\/gmedicalsas.co\/?post_type=product&#038;p=426"},"modified":"2024-02-26T19:25:06","modified_gmt":"2024-02-26T19:25:06","slug":"maquina-de-anestesia-am852-eternity","status":"publish","type":"product","link":"https:\/\/gmedicalsas.co\/index.php\/producto\/maquina-de-anestesia-am852-eternity\/","title":{"rendered":"MAQUINA DE ANESTESIA AM852 ETERNITY"},"content":{"rendered":"<table class=\"NormalTable\">\n<tbody>\n<tr>\n<td width=\"200\"><span class=\"fontstyle0\">Pantalla t\u00e1ctil de 15.6&#8243; TFT, t\u00e1ctil y a color.<\/span><\/td>\n<\/tr>\n<tr>\n<td width=\"200\"><span class=\"fontstyle0\">Paciente Adulto, Pedi\u00e1trico y Neonato \u2265 3kg. Los par\u00e1metros<br \/>\ny el peso corporal ideal se ajusta seg\u00fan la informaci\u00f3n del<br \/>\npaciente.<\/span><\/td>\n<\/tr>\n<tr>\n<td width=\"200\"><span class=\"fontstyle0\">Control electr\u00f3nico de fluj\u00f3metros (O2, N2O y Aire).<\/span><\/td>\n<\/tr>\n<tr>\n<td width=\"200\"><span class=\"fontstyle0\">Salida auxiliar de gas fresco (ACGO &#8211; CGO).<\/span><\/td>\n<\/tr>\n<tr>\n<td width=\"200\"><span class=\"fontstyle0\">Suministro de gases: O2, N2O y Aire m\u00e1s una (1) entrada<br \/>\nauxiliar de ox\u00edgeno.<\/span><\/td>\n<\/tr>\n<tr>\n<td width=\"200\"><span class=\"fontstyle0\">Modos Ventilatorios: VCV, PCV, PCV-VG, SIMV-VC, SIMV-PC,<br \/>\nSIMV-VG, PSV y Manual.<\/span><\/td>\n<\/tr>\n<tr>\n<td width=\"200\"><span class=\"fontstyle0\">Funci\u00f3n de Bypass Cardiopulmonar (CPB: activa en modo<br \/>\nmanual).<\/span><\/td>\n<\/tr>\n<tr>\n<td width=\"200\"><span class=\"fontstyle0\">Funci\u00f3n Maniobra de Reclutamiento.<\/span><\/td>\n<\/tr>\n<tr>\n<td width=\"200\"><span class=\"fontstyle0\">Control mec\u00e1nico de Flush O2.<\/span><\/td>\n<\/tr>\n<tr>\n<td width=\"200\"><span class=\"fontstyle0\">Volumen tidal 15 &#8211; 1500 ml.<\/span><\/td>\n<\/tr>\n<tr>\n<td width=\"200\"><span class=\"fontstyle0\">Control de par\u00e1metros Ventilatorios, visualizaci\u00f3n de 3<br \/>\nformas de onda y 2 bucles ventilatorios.<\/span><\/td>\n<\/tr>\n<tr>\n<td width=\"200\"><span class=\"fontstyle0\">Circuito completo de calentamiento en el M\u00f3dulo<br \/>\nRespiratorio, Bypass inclu\u00eddo.<\/span><\/td>\n<\/tr>\n<tr>\n<td width=\"200\"><span class=\"fontstyle0\">V\u00e1lvula PEEP electr\u00f3nica incorporada.<\/span><\/td>\n<\/tr>\n<tr>\n<td width=\"200\"><span class=\"fontstyle0\">Fluj\u00f3metros de O2 y Aire para suministro auxiliar de flujo.<\/span><\/td>\n<\/tr>\n<tr>\n<td width=\"200\"><span class=\"fontstyle0\">Gas de accionamiento dual (O2 y Aire).<\/span><\/td>\n<\/tr>\n<tr>\n<td width=\"200\"><span class=\"fontstyle0\">Lampara \u00e1rea de trabajo, 3 cajones de almacenamiento (1<br \/>\ncon llave), 4 ruedas con sistema de bloqueo central.<\/span><\/td>\n<\/tr>\n<tr>\n<td width=\"200\"><span class=\"fontstyle0\">Bater\u00eda de Litio integrada.<\/span><\/td>\n<\/tr>\n<tr>\n<td width=\"200\"><span class=\"fontstyle0\">Conector RJ-45, USB y Ethernet<\/span><\/td>\n<\/tr>\n<tr>\n<td width=\"200\"><span class=\"fontstyle0\">Todos los par\u00e1metros o l\u00edmites de alarma se ajustan<br \/>\nseleccionando y ajustando en la pantalla t\u00e1ctil.<\/span><\/td>\n<\/tr>\n<tr>\n<td width=\"200\"><span class=\"fontstyle0\">Indicador num\u00e9rico y gr\u00e1fico de fluj\u00f3metros en la pantalla<\/span><\/td>\n<\/tr>\n<\/tbody>\n<\/table>\n<p>&nbsp;<\/p>\n","protected":false},"excerpt":{"rendered":"<table class=\"NormalTable\">\n<tbody>\n<tr>\n<td width=\"200\"><span class=\"fontstyle0\">Pantalla t\u00e1ctil de 15.6&#8243; TFT, t\u00e1ctil y a color.<\/span><\/td>\n<\/tr>\n<tr>\n<td width=\"200\"><span class=\"fontstyle0\">Paciente Adulto, Pedi\u00e1trico y Neonato \u2265 3kg. Los par\u00e1metros<br \/>\ny el peso corporal ideal se ajusta seg\u00fan la informaci\u00f3n del<br \/>\npaciente.<\/span><\/td>\n<\/tr>\n<tr>\n<td width=\"200\"><span class=\"fontstyle0\">Control electr\u00f3nico de fluj\u00f3metros (O2, N2O y Aire).<\/span><\/td>\n<\/tr>\n<tr>\n<td width=\"200\"><span class=\"fontstyle0\">Salida auxiliar de gas fresco (ACGO &#8211; CGO).<\/span><\/td>\n<\/tr>\n<tr>\n<td width=\"200\"><span class=\"fontstyle0\">Suministro de gases: O2, N2O y Aire m\u00e1s una (1) entrada<br \/>\nauxiliar de ox\u00edgeno.<\/span><\/td>\n<\/tr>\n<tr>\n<td width=\"200\"><span class=\"fontstyle0\">Modos Ventilatorios: VCV, PCV, PCV-VG, SIMV-VC, SIMV-PC,<br \/>\nSIMV-VG, PSV y Manual.<\/span><\/td>\n<\/tr>\n<tr>\n<td width=\"200\"><span class=\"fontstyle0\">Funci\u00f3n de Bypass Cardiopulmonar (CPB: activa en modo<br \/>\nmanual).<\/span><\/td>\n<\/tr>\n<tr>\n<td width=\"200\"><span class=\"fontstyle0\">Funci\u00f3n Maniobra de Reclutamiento.<\/span><\/td>\n<\/tr>\n<tr>\n<td width=\"200\"><span class=\"fontstyle0\">Control mec\u00e1nico de Flush O2.<\/span><\/td>\n<\/tr>\n<tr>\n<td width=\"200\"><span class=\"fontstyle0\">Volumen tidal 15 &#8211; 1500 ml.<\/span><\/td>\n<\/tr>\n<tr>\n<td width=\"200\"><span class=\"fontstyle0\">Control de par\u00e1metros Ventilatorios, visualizaci\u00f3n de 3<br \/>\nformas de onda y 2 bucles ventilatorios.<\/span><\/td>\n<\/tr>\n<tr>\n<td width=\"200\"><span class=\"fontstyle0\">Circuito completo de calentamiento en el M\u00f3dulo<br \/>\nRespiratorio, Bypass inclu\u00eddo.<\/span><\/td>\n<\/tr>\n<tr>\n<td width=\"200\"><span class=\"fontstyle0\">V\u00e1lvula PEEP electr\u00f3nica incorporada.<\/span><\/td>\n<\/tr>\n<tr>\n<td width=\"200\"><span class=\"fontstyle0\">Fluj\u00f3metros de O2 y Aire para suministro auxiliar de flujo.<\/span><\/td>\n<\/tr>\n<tr>\n<td width=\"200\"><span class=\"fontstyle0\">Gas de accionamiento dual (O2 y Aire).<\/span><\/td>\n<\/tr>\n<tr>\n<td width=\"200\"><span class=\"fontstyle0\">Lampara \u00e1rea de trabajo, 3 cajones de almacenamiento (1<br \/>\ncon llave), 4 ruedas con sistema de bloqueo central.<\/span><\/td>\n<\/tr>\n<tr>\n<td width=\"200\"><span class=\"fontstyle0\">Bater\u00eda de Litio integrada.<\/span><\/td>\n<\/tr>\n<tr>\n<td width=\"200\"><span class=\"fontstyle0\">Conector RJ-45, USB y Ethernet<\/span><\/td>\n<\/tr>\n<tr>\n<td width=\"200\"><span class=\"fontstyle0\">Todos los par\u00e1metros o l\u00edmites de alarma se ajustan<br \/>\nseleccionando y ajustando en la pantalla t\u00e1ctil.<\/span><\/td>\n<\/tr>\n<tr>\n<td width=\"200\"><span class=\"fontstyle0\">Indicador num\u00e9rico y gr\u00e1fico de fluj\u00f3metros en la pantalla<\/span><\/td>\n<\/tr>\n<\/tbody>\n<\/table>\n<p>&nbsp;<\/p>\n","protected":false},"featured_media":428,"comment_status":"open","ping_status":"closed","template":"","meta":{"om_disable_all_campaigns":false,"_monsterinsights_skip_tracking":false,"_monsterinsights_sitenote_active":false,"_monsterinsights_sitenote_note":"","_monsterinsights_sitenote_category":0},"product_cat":[21],"product_tag":[],"class_list":["post-426","product","type-product","status-publish","has-post-thumbnail","hentry","product_cat-equipos-medicos","align-left","box-shadow-2","box-shadow-4-hover","ast-product-gallery-layout-horizontal","ast-product-gallery-with-no-image","ast-product-tabs-layout-horizontal"],"_links":{"self":[{"href":"https:\/\/gmedicalsas.co\/index.php\/wp-json\/wp\/v2\/product\/426"}],"collection":[{"href":"https:\/\/gmedicalsas.co\/index.php\/wp-json\/wp\/v2\/product"}],"about":[{"href":"https:\/\/gmedicalsas.co\/index.php\/wp-json\/wp\/v2\/types\/product"}],"replies":[{"embeddable":true,"href":"https:\/\/gmedicalsas.co\/index.php\/wp-json\/wp\/v2\/comments?post=426"}],"wp:featuredmedia":[{"embeddable":true,"href":"https:\/\/gmedicalsas.co\/index.php\/wp-json\/wp\/v2\/media\/428"}],"wp:attachment":[{"href":"https:\/\/gmedicalsas.co\/index.php\/wp-json\/wp\/v2\/media?parent=426"}],"wp:term":[{"taxonomy":"product_cat","embeddable":true,"href":"https:\/\/gmedicalsas.co\/index.php\/wp-json\/wp\/v2\/product_cat?post=426"},{"taxonomy":"product_tag","embeddable":true,"href":"https:\/\/gmedicalsas.co\/index.php\/wp-json\/wp\/v2\/product_tag?post=426"}],"curies":[{"name":"wp","href":"https:\/\/api.w.org\/{rel}","templated":true}]}}